**3/3 - b**2 + 202*b. Suppose -2*p - 4*h - 28 = 0, -5*h = 5*p - h + 46. Give r(p).
-14
Let f = -2334 + 2338. Let y(g) = -11*g + 6. Give y(f).
-38
Let i(f) = f**3 + 2*f**2 - 3*f + 3. Let p be ((-4)/6)/((-4)/192). Let j = p - 45. Let m = -16 - j. What is i(m)?
3
Suppose 2*w + 8 = 4*i - 0*i, -2*i - 3*w - 12 = 0. Let k = -3 - i. Let s(h) = 28*h + h**2 + 2 - 2 - 16*h + 1 - 11*h. Calculate s(k).
7
Let o(s) = -5*s**2 - 5*s - 3. Let t(m) = 2*m**2 - 12*m - 3. Let f be t(6). Calculate o(f).
-33
Let j(g) = -g**2 + 22*g - 24. Let v = 614 + -593. What is j(v)?
-3
Let c be (-5464)/(-36) + (-6)/(-27). Suppose 0 = -t - f - 2 - 30, -3*f = 5*t + c. Let q = 34 + t. Let i(l) = -3*l + 2. Give i(q).
-16
Let a(j) = j - 4. Let w(h) = h + 11. Let c be (-1 + 2)*(2 + -8). Let m be w(c). Give a(m).
1
Let l(u) = 3*u - 67. Let x be l(24). Let m(p) = -p**3 + 4*p**2 + 5*p + 9. Determine m(x).
9
Suppose 12*u - 15 = 7*u + 2*t, -t = 5. Let n(y) = -17*y - 1. What is n(u)?
-18
Let o = 17 - 10. Suppose -4*b = -o*b. Let m(x) be the second derivative of x**4/12 + x**3/6 - 4*x**2 + x. Determine m(b).
-8
Suppose -3*b = -24 - 12. Suppose b = -3*v - 3. Let l(z) = -z**2 - 13*z + 13*z - 5*z + 3*z - 5 - 4*z. Give l(v).
0
Let x(v) be the second derivative of -v**3/3 - v**2/2 - 4*v. Let z be 3 - -1 - 8/(-8). Suppose 5*u - 15 = 5*t, -5*t + 4*t + 2*u = z. Calculate x(t).
1
Let r(q) = 237*q + 0*q**2 - 236*q + 5*q**2 + 5 + q**3. Calculate r(-5).
0
Let v be (-4)/(2*(-1)/6). Let n be (16 - v) + -3 + 1. Let r(m) = -m - 16*m**n + 3 - 2 + 0. What is r(1)?
-16
Let t(j) = 22 - 14*j**2 - 19 + 0*j**3 + 14*j - 17 - j**3. Let z be t(-15). Let g(k) = 3*k**2 - k. What is g(z)?
2
Let y be ((-36)/16 - -2)*-4. Let p(z) = -5*z**2 + z. Determine p(y).
-4
Let h(m) be the third derivative of m**7/2520 - m**6/180 + m**5/20 + 5*m**4/12 - 30*m**2. Let f(a) be the second derivative of h(a). What is f(5)?
11
Let v = 37 + -35. Let o be ((-114)/18)/(v/(-6)). Let h = o + -16. Let n(y) = -y**3 + 3*y**2 + 2. Calculate n(h).
2
Let z(s) = s**2 - 3. Let o(g) be the first derivative of -g**3 + 7*g + 2. Let w(a) = 4*o(a) + 9*z(a). Give w(1).
-2
Let i(o) be the second derivative of -o**4/12 + 7*o**3/6 - 2*o**2 - 2*o. Let u = 433 + -428. Determine i(u).
6
Let q(f) = -2 + 1 + 0 - 11*f. Let j be (-53 + 50)/(-7 - (-6 - -2)). Calculate q(j).
-12
Let z(r) be the third derivative of r**4/2 - 11*r**3/6 - 8*r**2 + 29*r. Give z(1).
1
Let t(q) = 4 - 2 + 8*q - q**2 - 7*q + 1. Suppose -3*f = f - 16. Determine t(f).
-9
Let i(r) be the third derivative of r**6/120 + r**3/3 - r**2. Suppose 1 - 61 = -5*w. Let f = w + -12. Calculate i(f).
2
Let r = 295 - 306. Let i(y) = -y**3 - 11*y**2 + y + 5. Determine i(r).
-6
Let z = 18 + -23. Let j(s) = 3*s**2 - 8*s - 7. Let r(u) = 7*u**2 - 16*u - 13. Let v(o) = z*j(o) + 2*r(o). Determine v(7).
16
Let r(m) = -25*m**3 + 2*m - 1. Let f = 239 - 238. Give r(f).
-24
Let c(m) = 2*m**2 + 2*m + 9. Let l be c(0). Let p(o) = -6*o + 60. What is p(l)?
6
Let c(j) = -16*j - 142. Let f be c(-9). Let x(y) = -y**2 - 6*y + 5. Let w be x(-5). Suppose 0 = 4*d - w + f. Let q(s) = -s**3 + s**2 + 3*s - 3. Calculate q(d).
-1
Let i be (-6)/12*10/(-1) + 0. Suppose -2*r + 26 = i*m, 0*r - 3*m = 3*r - 21. Let f(g) = -2*g**2 + 3*g - 2. Calculate f(r).
-11
Let n(w) = -3 - 3 - 5*w**2 + 6. Suppose -d + 4 = 3*d. Determine n(d).
-5
Suppose 0 = 179*o - 183*o + 12. Let l(b) be the first derivative of 0*b**2 - 1/3*b**o + 3 + 16*b. Calculate l(0).
16
Let x = 149/4 + -37. Let d(y) be the first derivative of 0*y**3 - x*y**4 - 2*y - y**2 - 1. Calculate d(-2).
10
Let s(l) = l**2 - 6*l + 4. Let o be s(6). Let b(i) = i**2 - 3*i - 9. Let z be b(o). Let q(n) = 2*n**2 + 8*n + 4. Determine q(z).
14
Let p(u) be the second derivative of -u**4/12 + 3*u**3/2 + 7*u**2/2 - 425*u. Determine p(8).
15
Let r be (-1 - 15/(-12)) + 31/4. Let z(q) = -q**2 + 7*q - 12. Determine z(r).
-20
Let n(i) = 4*i**3 + 8*i**2 + 3*i - 11. Let q(v) = v**3 + 3*v**2 + v - 4. Let t(b) = 4*n(b) - 11*q(b). Let s = -207 + 208. What is t(s)?
5
Let q be 1/((-6)/(-10))*-3. Let t(s) be the first derivative of 3*s**2 + 4*s - 299. Calculate t(q).
-26
Let d(k) = 1 - 9*k + 4*k + 6 - 2 + 1. Give d(5).
-19
Let t(w) = -w + 6. Let o = 62 + -52. Determine t(o).
-4
Let c(x) = -x**3 + x + 2. Let l be (-1)/(2*2/(-20)). Suppose l*s + s = 0. Calculate c(s).
2
Let v(n) be the third derivative of -n**5/12 - n**4/12 - n**3/6 - 349*n**2. Let l = 8 + -5. Suppose -l*a + 2*a - 1 = 0. What is v(a)?
-4
Let y be (6/4)/((-45)/(-150)). Let c(d) = d**2 + 4*d**2 + 3*d - d - d**3 - 6. Calculate c(y).
4
Let b be (-60)/9*(-3)/4. Let l be (b/((-15)/18))/(-2). Let d(y) be the first derivative of -y**2 - 3*y + 4. What is d(l)?
-9
Let u(k) = -k**3 - 8*k**2 - k - 13. Let w be (0 - 2)/(-7 - (-174)/24). Determine u(w).
-5
Let v(o) = -18*o - 46. Let w(y) = 6*y + 15. Let f(m) = -3*v(m) - 8*w(m). Let l be f(-4). Let p(r) = r**2 + 6*r + 6. Give p(l).
6
Let k(d) be the first derivative of d**6/120 + d**5/12 - d**4/4 + d**2/2 + 4. Let v(i) be the second derivative of k(i). What is v(-6)?
0
Let v(o) = o**2 + 5*o + 6 + 14*o - 13*o. What is v(-6)?
6
Let u(q) = 18*q - 4. Let n(y) = -22*y**2 + 17*y + 3. Let a be n(1). What is u(a)?
-40
Let j(d) be the second derivative of -1/12*d**4 - d**2 + 0 + 1/6*d**3 + 14*d. Give j(4).
-14
Suppose 2*t - 106 = -10. Suppose -q + t = -7*q. Let p(j) = -j**3 - 8*j**2 + j - 6. Determine p(q).
-14
Let j(p) = -3*p**3 - p**2 + 1. Suppose -14*w - 11 = -3*w. Calculate j(w).
3
Let q(p) = 2*p - 6. Let c = -43 + 29. Let k = -15 - c. Let v be (-8 + (-12)/(-4))/k. Calculate q(v).
4
Let x(u) = -24*u + 24*u - 2 + 2*u. Give x(0).
-2
Let y(q) = -q - 7. Let x(t) = t**3 - t**2 - 3*t + 2. Let f be x(2). Calculate y(f).
-7
Let r(b) = -b - 5. Let z be r(3). Let o(a) = -a**3 - 8*a**2 + a + 5. What is o(z)?
-3
Let j = 34 - 18. Let h(d) = 15*d**2 - 4*d + 7 + 2*d - j*d**2. Determine h(-6).
-17
Let m(v) be the first derivative of -20 + 2*v + 1/3*v**3 + 0*v**2. Determine m(-5).
27
Let r = -10 - -17. Let y(p) = -4*p**2 + p**2 - 4*p + p**3 + 3*p + 4 - 4*p**2. Give y(r).
-3
Let l(x) = x**3 + 4*x**2 - 6*x - 3. Let a be l(-5). Suppose -4*s + 6*s = -a. Let m(o) = -o**3 + o + 1. Determine m(s).
1
Let r(g) = -g**2 - 2*g + 1. Let m = -17 + -11. Let w = m - -26. Give r(w).
1
Let n(s) be the second derivative of -3*s**5/10 + s**4/12 - s**2/2 - 185*s. Give n(1).
-6
Let z = -31 + 35. Let y(n) be the third derivative of n**5/30 - 5*n**4/24 - n**3/2 - 3*n**2. Calculate y(z).
9
Let v(o) = -o. Let h(k) = -k**3 + 5*k**2 + 6*k - 4. Let c(x) = 4 + 0*x + 0 - 2 - 4*x. Let z be c(-1). Let r be h(z). Give v(r).
4
Let y be 12/2*1/2. Let t(u) be the third derivative of u**5/60 - u**4/4 + u**3/2 - 153*u**2 - 2*u. What is t(y)?
-6
Let l(d) = -d**2 - d. Let g(w) = -2*w**2 + w - 3. Let y(h) = -h**2 + 3 - 6 - h**2 + 1. Let b(u) = 5*g(u) - 6*y(u). Let n(k) = -b(k) - 3*l(k). Give n(3).
6
Let a(c) = -c + 12. Let g(l) = l**2 + 27*l + 5. Let f be g(-27). What is a(f)?
7
Let k be (-119)/(-28) - 3/12. Let i(p) = -5*p**2 - 10*p + 2. Let n(t) = -4*t**2 - 9*t + 1. Let m(b) = 6*i(b) - 7*n(b). What is m(k)?
-15
Let p(k) be the first derivative of k**7/840 + k**6/40 - k**5/120 - k**4/8 + 2*k**3 - 1. Let h(n) be the third derivative of p(n). Calculate h(-9).
6
Let m(f) = 23*f - 2. Suppose 0 = -5*c + 2*g - 57 + 41, -4*g + 12 = 0. Give m(c).
-48
Let d(y) = y + 8. Let i be d(-8). Suppose 2*k = b + 102, -4*k + 5*b + 51 = -141. Let h(a) = a**2 + k + i*a**2 - 52. What is h(-3)?
10
Let c = 8 + -4. Let v(h) = h**2 - h - 1. Let b(t) = -4*t**2 + 8*t. Let k(y) = -b(y) - 3*v(y). What is k(c)?
-1
Let q(c) = 10*c + 10 - 2*c - 7*c. What is q(0)?
10
Let y = -24 + 13. Let g(j) = j**3 + 10*j**2 - 11*j + 3. Let z be g(y). Let s = z + -3. Let c(u) = -u + 5. Calculate c(s).
5
Let w(i) = -i**2 + 11*i - 9. Let o(f) = -2*f**2 + 23*f - 17. Let l(m) = -2*o(m) + 5*w(m). Let s(v) = -v**3 - 22*v**2 + 3*v + 74. Let t be s(-22). What is l(t)?
-3
Let y be (-14)/5 - 21/105. Let c(w) = -4*w**2 - 2*w - 2. What is c(y)?
-32
Suppose 3*w = 4*l - 2*l + 7, 2*w - 3 = l. Let a(n) be the third derivative of -n**5/60 - n**4/6 - 2*n**3/3 + 5*n**2. Determine a(l).
-9
Let m(h) be the third derivative of h**4/24 - 4*h**3/3 + 38*h**2. What is m(13)?
5
Let u(r) = -r**3 + 3*r**2 - 2*r - 2. Let p(n) = -n - 11. Let v be p(-5). L